e remainder when g is divided by 8?
6
Suppose -6 = -v - 2*v. Suppose 0 = 4*k + 3*u - 23, v*k + 2*k - 4*u - 44 = 0. What is the remainder when 13 is divided by k?
5
Suppose 4*v - 30 = 3*v. What is the remainder when v is divided by 16?
14
Suppose 2*g - 3 = g. Let i(l) = -7*l + 4*l**2 - 4 + 5 + 5*l**3 - 4*l**g. Calculate the remainder when 20 is divided by i(-5).
9
Let v(q) = q**3 - 7*q**2 + 4*q + 2. Let g(p) = -p**2 + 12*p - 4. Let b be -8*(2 - 3) + 3. Let c be g(b). What is the remainder when v(c) is divided by 16?
14
Suppose o = 5*o + 920. Let r = -140 - o. Let k = -44 + r. Calculate the remainder when k is divided by 16.
14
Let s = 1 - -1. Suppose 0 = -s*l - 0 + 2. What is the remainder when 1 is divided by l?
0
Let o(m) = -m**2 + 6*m + 1. Suppose -6*j = -24 - 102. Calculate the remainder when j is divided by o(5).
3
Let o(m) = m**3 - 5*m**2 + 4*m - 6. Let g be o(5). What is the remainder when (g/(-8))/(8/(-96)) is divided by 8?
5
Let b = -22 - -32. Calculate the remainder when b is divided by 3.
1
Suppose 4 = -2*f - 5*i, 6*i + 10 = i. Let p(x) = 9*x - 4. Let r(c) = 9*c - 5. Let b(z) = f*p(z) - 2*r(z). Calculate the remainder when b(5) is divided by 22.
21
Let x(f) = -3*f - 1. Let k be (-2)/3 - (-14)/(-6). What is the remainder when 14 is divided by x(k)?
6
Let k(d) = -2*d - 6. Let c be k(5). Let x = c + 30. Suppose -7 = -2*z + 3. What is the remainder when x is divided by z?
4
Suppose 28 + 10 = 2*g. Let j = -7 + g. What is the remainder when 33 is divided by j?
9
Let x(l) = -38*l - 299. Suppose -k - 3*k + 60 = 0. Calculate the remainder when x(-9) is divided by k.
13
What is the remainder when 822/36 - 2/(-12) is divided by 6?
5
Let h = 36 + -8. Suppose d + 3*d = -16. Calculate the remainder when h is divided by (-1 - d)*(-40)/(-12).
8
Let l(v) = 14*v**3 - 3*v**2 + 5*v - 3. What is the remainder when l(1) is divided by 5?
3
Suppose 30 = 3*s - 0*s. Let g(u) = u**3 + 15*u**2 + 19*u - 54. Calculate the remainder when g(-13) is divided by s.
7
Suppose 12 = 3*g - 2*o - 20, -g - 3*o = -7. Let w(t) = 6*t**2 + t + 1. Let f be w(-1). What is the remainder when g is divided by 1/((1/1)/f)?
4
Suppose 0 = -11*g + 5*g + 552. Calculate the remainder when g is divided by 31.
30
Let x(o) = 4 - 5 + 0 + 2*o. Suppose 3*c + 5*p - 136 = 0, 5*c - p - 154 = 26. What is the remainder when c is divided by x(7)?
11
Suppose -3 - 12 = -3*z. Suppose z*l - 250 - 95 = 0. Calculate the remainder when l is divided by 18.
15
Let b = 108 - -47. What is the remainder when b is divided by 39?
38
Let h = 25 - 18. Let q = h - -6. Calculate the remainder when q is divided by 5.
3
Suppose -1 - 100 = -3*m - 4*g, -4*m + 142 = -2*g. Suppose -5*h + 3*x = -66, -5*h + 26 = -3*h - x. Calculate the remainder when m is divided by h.
11
Suppose 8*g - 554 = 86. Calculate the remainder when g is divided by 27.
26
Let u = 83 - 55. Calculate the remainder when u is divided by ((-3)/9)/((8/(-90))/4).
13
Let u = -11 + 25. Calculate the remainder when u is divided by 4.
2
Let l = -45 - -79. Calculate the remainder when l is divided by 7.
6
Let f(i) = -8*i**3 - 2*i**2 + i - 2. Calculate the remainder when f(-2) is divided by 18.
16
Let x = 436 + -245. Let z = -133 + x. Calculate the remainder when z is divided by 20.
18
Let t(k) = k - k + k - 1 + 10*k. Calculate the remainder when t(2) is divided by 6.
3
Let r be 13/5 - (-6)/(-10). Suppose 0 = -2*p + 5*v + 42, -4*p - r*v = -40 + 4. Suppose -4*o = -0*o - 24. What is the remainder when p is divided by o?
5
Let d(g) = g**3 - 10*g**2 + 10*g - 7. Suppose -8 = -b + 5*p, 5*b + 3*p = 4*p + 40. Let y = b - -1. What is the remainder when 3 is divided by d(y)?
1
Let k(w) = -2*w - 16. Let i be k(-12). Let d = i - 5. Suppose -m = -d*a - 3, -a = -3*m - 2*a + 29. What is the remainder when m is divided by 6?
3
Let d(l) = -2*l**3 - 3*l**2 - 2*l + 2. Suppose 0 = 4*m + 5*z - 82, -7*z + 2*z - 44 = -3*m. Calculate the remainder when m is divided by d(-2).
8
Suppose 0 = -3*m - 12 - 6. Let o = 0 - m. Calculate the remainder when o is divided by 5.
1
Let l(x) = x + 7 + 2*x - 5. What is the remainder when 21 is divided by l(3)?
10
Let d(f) = 12*f**3 + f. Let v be d(1). Suppose 193 = 3*h + v. What is the remainder when h is divided by 21?
18
Let c(v) = -9 + 38*v + 12*v**2 - 23*v - 5 - v**3 + 2. Calculate the remainder when 55 is divided by c(13).
13
Let d be (-2)/(2*(-2)/(-6)). Let g = 32 + -19. Let h = g + d. Calculate the remainder when 37 is divided by h.
7
Let r(h) = h**3 + 5*h**2 - 5*h + 8. Let l be r(-6). Suppose -m + l = m. Calculate the remainder when 10/(-55) - 35/(-11) is divided by m.
0
Suppose 89 = -4*a + 537. Calculate the remainder when a is divided by 23.
20
Calculate the remainder when 12 is divided by (-1 - -3) + 7 + -2.
5
Suppose 3*k - 2*v + 32 = 126, -5*v + 190 = 5*k. What is the remainder when k is divided by 13?
8
Let w = 15 + -12. Suppose -29 = -4*f - w*g, -2*f - f = 3*g - 18. Calculate the remainder when 0 - -31*1*1 is divided by f.
9
Suppose -2*a = 7*a - 171. What is the remainder when 90 is divided by a?
14
Suppose 1 = -0*j - j. Let m be j/1 + -2 + 10. Calculate the remainder when 13 is divided by (-4 + 2)/1 + m.
3
Let x(b) = 4*b**3 + 7*b**2 - 5*b. Let q(w) = -w**3 + 1. Let j(m) = -3*q(m) - x(m). What is the remainder when 40 is divided by j(-8)?
19
Suppose -2*k + 12 - 2 = 0. What is the remainder when k is divided by (-2 + -3)/5 + (-9)/(-3)?
1
Let v(f) = 4*f**2 - 1. Let y be v(1). Suppose -q + 6 = 5*c, 3*q - y*c + 8 = 4*q. Calculate the remainder when 19 is divided by q.
8
Suppose -3 = -10*j + 7. Suppose 3*p = w + 5, -9 = -2*p + 5*w + 3. What is the remainder when p is divided by j?
0
Suppose 2*v - 8 - 52 = 4*k, 0 = 4*v + 3*k - 65. What is the remainder when (-2335)/(-30) + (-4)/(-24) is divided by v?
18
Let x(v) = v - 4. Let k be x(6). Suppose k*p + 28 - 86 = 0. Let u = -17 + p. What is the remainder when u is divided by 7?
5
Let p = -1 - -1. Suppose 5*o - 20 = -p. Suppose -42 = o*b - 110. Calculate the remainder when 32 is divided by b.
15
Suppose -2*u + 9*u - 126 = 0. Suppose 0 = -5*p + 2*p + 159. Calculate the remainder when p is divided by u.
17
Let u = 50 - 29. Calculate the remainder when u is divided by 6.
3
Suppose 0 = -l - 2*s + 26, 66 = 5*l - 2*l + 2*s. What is the remainder when 38 is divided by l?
18
Let g be (1 + (-2 - -3))*14. Calculate the remainder when 35 is divided by 6*(-2 + g/8).
8
Suppose f = -4*l - 52, 4*f = -4*l - 86 + 22. Let y = l + 24. What is the remainder when 45 is divided by y?
9
Let k = 21 - 13. Let j = 0 + k. Calculate the remainder when 47 is divided by j.
7
Suppose 5*m = 395 - 60. Calculate the remainder when m is divided by 23.
21
Suppose -z + 19 = -4*x, -z + 3*x = -8 - 8. Suppose 0 = 3*q + 16 - z. Calculate the remainder when (q/2)/((-5)/60) is divided by 5.
3
Let o be 3*(-1 - -9)/4. Suppose 2*g - 14 + o = 0. What is the remainder when 13 is divided by g?
1
What is the remainder when 73 is divided by (-34 + 4 - 0)/(-2)?
13
Let h be ((-32)/20)/(2/(-5)). Let x = 12 - h. What is the remainder when 22 is divided by x?
6
Let z = 14 + -10. Let r = 6 - z. Let s = r - -4. What is the remainder when s is divided by 4?
2
Let u(b) = -b + 30. What is the remainder when u(9) is divided by 8?
5
Let u = 12 - -10. Calculate the remainder when u is divided by 12.
10
Suppose 0*x - 5*h - 85 = 3*x, 5*x + 4*h = -133. Let m = -16 - x. Calculate the remainder when m is divided by 5.
4
Suppose -85 = -9*t + 4*t. Suppose -7*i = -3*i + 4*z + 4, z - 3 = i. Let l(f) = -f**3 + 1. Calculate the remainder when t is divided by l(i).
8
Let o(t) = -12*t - 11. Calculate the remainder when o(-7) is divided by 26.
21
Calculate the remainder when (-7 - -17)*16/5 is divided by 11.
10
Suppose 5*p = 5*g + 105, -3*p + 2 + 45 = 5*g. Calculate the remainder when p is divided by 5.
4
Suppose -3*r + 65 = 5*c, c = -0*r - r + 23. What is the remainder when 93 is divided by r?
18
Let r = 0 - -18. What is the remainder when r is divided by 8/(-28) - (-72)/7?
8
Let p be (-48)/(-9) + 2/(-6). Let d(o) = 2*o**2 - 5*o - 6. What is the remainder when ((-96)/(-28))/(6/63) is divided by d(p)?
17
Let u(z) = -z + 14. Suppose 0 = -4*j + 159 + 285. Let s be (-2)/5 - j/(-15). What is the remainder when 20 is divided by u(s)?
6
Let v(l) = l**3 - l**2 - l + 19. Calculate